y w.
28
Let n(s) = -5*s - 19. Calculate the remainder when 105 is divided by n(-11).
33
What is the remainder when 12/14*14*23/2 is divided by 35?
33
Let k be ((-87)/(-6))/((-2)/(-8)). Suppose 5*c + 5*y - 8 = -k, -58 = 3*c - 4*y. Let q = c - -23. Calculate the remainder when 16 is divided by q.
7
Let n be -3 - (-3 - 2) - 0. What is the remainder when 25 is divided by 15/n*36/30?
7
Let y(b) = -2*b + 5. What is the remainder when 25 is divided by y(-4)?
12
Let t be -2 - -3 - (-10)/5. Suppose 0 = -5*x - 4*o + 3*o + 87, 0 = t*x + 2*o - 55. What is the remainder when 49 is divided by x?
15
Suppose 0*k = -l - 3*k - 6, 5*k = 5*l - 30. What is the remainder when 4 is divided by l?
1
Suppose 4*s - 41 = -3*b, -3*s + 5*b - 23 = -4*s. Calculate the remainder when 23 is divided by s.
7
Let f(p) = -4*p + 5. Suppose 16 = -3*q + 4. Calculate the remainder when 40 is divided by f(q).
19
Let s = 92 + -61. What is the remainder when 121 is divided by s?
28
Let i = -33 + 47. Calculate the remainder when 27 is divided by i.
13
What is the remainder when 146/8 - 3/12 is divided by (-10)/(-3)*51/17?
8
Suppose -3*i - 3*i = -186. What is the remainder when 91 is divided by i?
29
Suppose a + 26 - 7 = 0. Let r = 38 + a. Let u = 3 - -33. What is the remainder when u is divided by r?
17
Let c = -7 + 20. Suppose -2*o = -31 - 9. Suppose 3*h = -h - 4*j + o, 4*j = 0. Calculate the remainder when c is divided by h.
3
Let b = 32 + -18. Let k = b + -4. Calculate the remainder when 19 is divided by k.
9
Let x = 37 + -2. Calculate the remainder when x is divided by 11.
2
Suppose -4*b - 4*j = 0, 5*b - 3*j - 24 = 2*b. Suppose -2*p = b*w - 34, -2*p + 41 = 5*w + p. Calculate the remainder when 27 is divided by w.
7
Let k = 38 + -5. Suppose 4*d = 139 + k. Calculate the remainder when d is divided by 15.
13
Suppose -5*c + 0*z + z + 532 = 0, -3*z - 526 = -5*c. Calculate the remainder when c is divided by 28.
23
Let b(a) = 2*a**2 + 6*a + 2. Let y(x) = -x + 18. Let i be y(0). What is the remainder when b(-5) is divided by i/(1 + (-1)/(-2))?
10
Let h = -58 - -93. Suppose 0 = 3*w + 2*w - 60. What is the remainder when h is divided by w?
11
Suppose -3*u - 50 = -n - 8*u, 5*u - 100 = -3*n. Let k = 43 - n. Calculate the remainder when k is divided by (-30)/(-9)*(2 - -1).
8
Suppose k = -3*v + 15 + 12, -102 = -5*k - 4*v. Calculate the remainder when k is divided by (-1)/2 - 23/(-2).
7
Let w(x) = 22*x - 7. What is the remainder when w(3) is divided by 30?
29
Let a = 6 - -12. Calculate the remainder when 53 is divided by a.
17
Suppose 5*q - 3*q - 22 = 0. Calculate the remainder when q is divided by 7.
4
Let y(c) = -c + 12. Calculate the remainder when 261 is divided by y(-10).
19
Let d = 64 - 44. What is the remainder when d is divided by 9 + 3*(-4)/6?
6
Let k = 26 + -3. Let a = -15 + k. What is the remainder when 15 is divided by a?
7
Let n(x) = x**3 - 14*x**2 + 12*x + 18. Let z be n(13). Suppose -z*l = -10*l + 130. What is the remainder when l is divided by 14?
12
Let v(s) = s**2 + 7*s + 7. Let l be v(-7). Let d(c) = c**2 - 4*c - 9. What is the remainder when 47 is divided by d(l)?
11
Let w = 1 + 2. Suppose 0 = 3*g + w*s + 64 + 50, 2*s - 176 = 4*g. Let x = 70 + g. What is the remainder when 82 is divided by x?
26
Suppose 3*t - 88 = 2*i, -5*t = -i - 0*i - 149. What is the remainder when t is divided by (-42)/(-5) + (-4)/10?
6
Suppose -d + 10 - 2 = 0. Calculate the remainder when 12 is divided by d.
4
Suppose 22 = 4*t - 38. Suppose 4*l = -5*d + 59, 3*d - t = -l + 2*d. Calculate the remainder when 46 is divided by l.
14
Suppose 2*n - o - 27 = 4*o, 2*o = -2. What is the remainder when n is divided by (-3 + 44/20)/((-6)/45)?
5
Suppose 4*y - 3*i = i - 180, 4*y + 156 = -4*i. Calculate the remainder when (18/(-7))/(6/y) is divided by 5.
3
Suppose -6*o - 72 = -3*o. Let f = o + 70. What is the remainder when f is divided by 16?
14
What is the remainder when 114/2 - (7 + -5) is divided by 6/(-4)*(-190)/15?
17
Suppose 3*l - 6*l = -312. Suppose 15*g - l = 11*g. Let x = -26 - -40. Calculate the remainder when g is divided by x.
12
Let r(s) = s**3 - 5*s**2 + 7*s + 1. What is the remainder when r(6) is divided by 20?
19
Let g(l) = -l**3 - l**2 - l - 14. Let q be g(0). Let m be (-1)/3 - q/6. Let t(u) = -u**3 + 4*u**2 - 2. Calculate the remainder when 16 is divided by t(m).
4
Let w(b) = 2*b**2 - b. Let z = 6 - 1. Let g = 8 - z. What is the remainder when w(g) is divided by 4?
3
Let i(q) = -q**2 + 3*q + 1. Let d be i(2). Let u = 7 - d. Suppose -u*c + 85 = 3*m, 4*c + 8 - 62 = -2*m. What is the remainder when m is divided by 11?
9
Suppose 2*f = -2*f. Suppose f = 2*x - 4, 0 = -i + x - 3 + 15. What is the remainder when i is divided by 5?
4
Let q(m) = m + 6. Let s be q(-5). Let j be 2 - (-2 + 0/s). Let p = j + 3. What is the remainder when 19 is divided by p?
5
Suppose -216 = -0*n - 4*n. Let v = n + -35. What is the remainder when v is divided by 5?
4
Let g = -173 - -196. Calculate the remainder when 205 is divided by g.
21
Suppose 2*n + 2*k + k - 102 = 0, 5*k = n - 64. What is the remainder when 107 is divided by n?
53
Let i = -20 - -21. What is the remainder when 1 is divided by i?
0
Let m(f) = -f**3 + 11*f**2 - 15*f - 12. What is the remainder when m(7) is divided by 27?
25
Suppose -136 = -5*s + 3*s. Calculate the remainder when s is divided by 24.
20
Let q = 3 + 2. Suppose l - q*l = -72. What is the remainder when 52 is divided by l?
16
Suppose 0 = 2*j - 78 - 58. Calculate the remainder when j is divided by 14.
12
Let d(r) = -31*r**3 - r**2 - 2*r - 1. Calculate the remainder when d(-1) is divided by 11.
9
Let y(j) = -12 - 6*j**2 - 3*j - j**2 + 3 - j**3. Let b be y(-7). Calculate the remainder when 29 is divided by (10/8)/(1/b).
14
Calculate the remainder when -87*(4 - (-25)/(-5)) is divided by 45.
42
Let k = -12 - -17. Let d = k - -3. Suppose -p = -0*p - 22. What is the remainder when p is divided by d?
6
Suppose 0*p = 5*p + 3*m - 22, -4*p + 4*m = 8. Let h = -3 - -5. Calculate the remainder when 12/6 + (h - 1) is divided by p.
1
Suppose 3*m - 5*m = 0. Let b = 1 - m. What is the remainder when 2 is divided by b?
0
Let h = 32 - 17. Let n(y) = 2*y**2 - 2*y + 4. Let r be 76/(-20) + 2/(-10). What is the remainder when n(r) is divided by h?
14
Suppose -3*p + 4 + 53 = 0. What is the remainder when 75 is divided by p?
18
Let s = 0 + 18. What is the remainder when s is divided by 4?
2
What is the remainder when 23 is divided by (3 - -12)/(-1 - -2)?
8
Calculate the remainder when 93 is divided by 3/(-2) + (-275)/(-10) - 2.
21
Let n(v) = v + 2 + 2 - 2*v - v**3. Calculate the remainder when n(-3) is divided by 18.
16
Let r(t) = -t**2 - 20*t - 38. What is the remainder when 128 is divided by r(-16)?
24
Calculate the remainder when (-22)/99 - (-166)/18 is divided by 6.
3
Let i = 33 - -14. Calculate the remainder when i is divided by 24.
23
Suppose -5*w = -4*k + 92, -3*k = -w - 6 - 63. Suppose -3*f + 5*a = -0*f - 19, -13 = -2*f + 3*a. What is the remainder when k is divided by f?
7
Let t(f) = f**3 + 16*f**2 + 10*f - 22. What is the remainder when t(-15) is divided by (-45)/2*(-4)/5?
17
Suppose 4*p - 5*p = 2*o - 3, -5*o + 9 = 2*p. Suppose 151 = 2*a + 43. What is the remainder when a is divided by 17 - ((-9)/p + 0)?
12
Suppose -4*o = -4*g - g + 21, 4*g + 3*o = 23. Calculate the remainder when 19 is divided by g.
4
Let l be (1 - 17)*(-7)/4. Suppose 0 = -2*c - 2*c + l. Let v(m) = m**3 - 3*m**2 + 3*m + 3. What is the remainder when v(3) is divided by c?
5
Let x(s) = 11*s - 21. What is the remainder when x(6) is divided by 24?
21
Suppose -5*d + 3*y - 4*y = -117, d - 2*y - 19 = 0. What is the remainder when -1 + 1 + (-44)/(-1) is divided by d?
21
Suppose s - 7*h = -3*h + 11, 5*h + 40 = 5*s. Let g = 143 + -139. What is the remainder when s is divided by g?
3
Suppose 5 = h - 28. Calculate the remainder when 59 is divided by h.
26
Suppose y + 72 = 7*y. Calculate the remainder when 106 is divided by y.
10
Suppose 5*j + 5*m + 5 = 3*j, -5 = -j - m. What is the remainder when 37 is divided by j?
7
Let k be 15/((-1)/(4/(-3))). Let v be (8/k)/((-1)/(-5)). Suppose 5*i - 5*y = 10 + 15, v*y + 22 = 5*i. What is the remainder when 6 is divided by i?
2
Let k = -33 + 48. Calculate the remainder when (-790)/k*(-6)/4 is divided by 20.
19
Let f(g) = g